NOAA-Style Climate Reports

Select a Year or Month report
2017: Jan Feb Mar Apr May Jun Jul Aug Sep Oct Nov Dec
2016: Jan Feb Mar Apr May Jun Jul Aug Sep Oct Nov Dec
2015: Jan Feb Mar Apr May Jun Jul Aug Sep Oct Nov Dec
2014: Jan Feb Mar Apr May Jun Jul Aug Sep Oct Nov Dec

Report for 2017 November
                   MONTHLY CLIMATOLOGICAL SUMMARY for NOV 2017


NAME: PLAI                  CITY: ARACHOVA              STATE: VIOTIA GREECE       
ELEV:  912.9 m    LAT: 38.3 N    LONG: 22.3 E


                   TEMPERATURE (C), RAIN (mm), WIND SPEED (kph)

                                         HEAT   COOL         AVG
      MEAN                               DEG    DEG          WIND                  DOM
DAY   TEMP   HIGH  TIME    LOW   TIME    DAYS   DAYS   RAIN  SPEED   HIGH  TIME    DIR
---------------------------------------------------------------------------------------
01     7.0    9.7  12:38    5.6  22:27   19.2    0.0     0.0 15.4    35.6  09:51   NE
02     8.7   16.2  13:13    5.1  03:48   13.8    0.0     0.0  6.3    23.4  10:55   NNE
03    12.4   20.2  13:55    8.2  02:14    7.4    0.0     0.0  4.1    27.0  14:37   NNW
04     9.8   13.8  12:14    7.8  23:23   13.6    0.0     0.0  7.6    29.5  13:03   NE
05     9.4   15.2  14:57    7.0  06:02   13.0    0.0     0.0  8.3    34.2  11:05   N
06    11.2   14.5  13:59    8.6  07:21   12.2    0.0     0.0  7.2    30.6  14:11   W
07    13.1   16.9  12:45   11.3  04:47    7.6    0.0     0.0  9.9    29.5  11:37   E
08    12.4   12.8  00:00   11.1  23:48   11.5    0.0     0.0  7.3    28.1  23:45   ENE
09    12.6   16.1  13:13    9.9  06:23    9.6    0.0     0.0  6.5    34.2  01:42   WNW
10    12.5   16.4  13:06   10.3  06:44    9.0    0.0     0.0  5.6    25.6  13:56   NW
11    11.9   15.7  12:47   10.1  05:08    9.8    0.0     0.0  7.1    28.1  12:12   W
12    13.9   19.8  13:34   10.5  06:26    5.7    0.0     0.0 10.8    34.2  04:26   W
13    11.5   16.2  14:32    9.0  20:16   10.3    0.0     0.0  9.9    33.1  09:03   ENE
14    12.8   19.3  12:42    9.7  00:01    6.9    0.0     0.0  8.7    33.1  19:28   E
15    12.4   16.2  15:18   10.8  08:35    8.7    0.0     0.0 15.5    46.4  21:05   ENE
---------------------------------------------------------------------------------------
      11.4   20.2     3     5.1     2   158.4    0.0     0.0  8.7    46.4    15    NE

Max >=   32.2:  0
Max <=    0.0:  0
Min <=    0.0:  0
Min <=  -17.8:  0
Max Rain    :    0.0 mm ON --/--/----
Days of Rain: 0 (> 0.254 mm) 0 (> 2.54 mm) 0 (> 25.4 mm)