NOAA-Style Climate Reports

Select a Year or Month report
2017: Jan Feb Mar Apr May Jun Jul Aug Sep Oct Nov Dec
2016: Jan Feb Mar Apr May Jun Jul Aug Sep Oct Nov Dec
2015: Jan Feb Mar Apr May Jun Jul Aug Sep Oct Nov Dec
2014: Jan Feb Mar Apr May Jun Jul Aug Sep Oct Nov Dec

Report for 2017 May
                   MONTHLY CLIMATOLOGICAL SUMMARY for MAY 2017


NAME: PLAI                  CITY: ARACHOVA              STATE: VIOTIA GREECE       
ELEV:  912.9 m    LAT: 38.3 N    LONG: 22.3 E


                   TEMPERATURE (C), RAIN (mm), WIND SPEED (kph)

                                         HEAT   COOL         AVG
      MEAN                               DEG    DEG          WIND                  DOM
DAY   TEMP   HIGH  TIME    LOW   TIME    DAYS   DAYS   RAIN  SPEED   HIGH  TIME    DIR
---------------------------------------------------------------------------------------
01    17.2   21.4  15:52   14.3  07:06    0.8    0.0     0.0  8.2    40.2  10:27   SW
02    18.6   23.2  16:00   14.4  06:50    0.0    0.8     0.0  4.8    33.8  15:16   W
03    19.7   24.5  15:32   15.6  06:33    0.0    3.1     0.0  3.2    37.0  15:34   W
04    20.0   24.7  15:27   16.4  05:56    0.0    4.0     0.0  1.4    29.0  17:55   ESE
05    18.8   23.5  13:46   15.4  05:17    0.0    2.0     0.0  2.3    41.8  14:55   SE
06    19.0   23.6  15:44   15.2  03:53    0.0    1.9     0.0  1.8    35.4  13:32   ESE
07    18.5   23.9  14:36   15.1  05:35    0.0    2.1     0.0 12.5    61.2  11:04   ESE
08    17.7   22.2  16:08   13.7  06:50    0.7    0.0     0.0  7.1    64.4  12:51   ESE
09    16.1   19.1  14:21   13.0  23:53    4.1    0.0     0.0  6.7    48.3  13:43   ESE
10    16.1   21.5  16:31   12.3  02:55    2.6    0.0     0.0  1.2    29.0  16:49   SW
11    14.9   17.1  21:27   13.5  06:28    5.5    0.0     0.0  0.7    16.1  21:39   SW
12    20.6   24.8  15:41   16.2  00:33    0.0    3.9     0.0 10.1    51.5  03:11   ESE
13    24.3   29.3  16:08   21.1  03:15    0.0   12.4     0.0 14.1    49.9  12:43   E
14    23.4   28.2  15:19   20.0  06:09    0.0   10.4     0.0  2.2    35.4  00:30   SW
15    21.1   25.0  15:36   17.8  23:54    0.0    5.5     0.0 10.9    38.6  15:48   W
16    15.9   17.8  00:00   13.8  23:49    4.6    0.0     0.0  8.2    48.3  07:25   WSW
17    12.5   14.1  00:59   10.2  23:46   11.1    0.0     0.0  4.5    77.2  23:22   ESE
18    11.2   12.0  21:27   10.3  00:13   12.9    0.0     0.0  6.6    48.3  21:14   ESE
19    14.1   19.3  15:59    9.8  05:49    6.7    0.0     0.0  2.8    32.2  17:34   SE
20    16.4   21.8  16:27   11.6  06:59    2.9    0.0     0.0  1.5    32.2  17:31   SE
21    16.1   21.8  14:44   12.3  23:58    2.3    0.0     2.5  2.3    40.2  14:50   SE
22    15.3   19.5  17:52   10.6  05:54    5.9    0.0     1.3  4.2    56.3  02:23   ESE
23    17.0   20.6  15:44   14.5  05:59    1.4    0.0     1.0  1.4    27.4  13:41   SSW
24    16.1   19.5  11:51   14.3  05:04    2.5    0.0     7.9  1.1    32.2  15:24   SSW
25    15.9   20.2  13:43   13.7  05:17    2.5    0.0     0.0  1.2    29.0  13:42   ESE
26    15.0   18.7  16:15   12.1  06:57    5.3    0.0     2.5  6.0    53.1  12:48   ESE
27    14.4   17.7  15:20   12.3  05:59    6.0    0.0     1.8  0.8    19.3  17:26   WNW
28    12.8   14.1  13:33   11.3  21:20   10.2    0.0     1.5  1.4    33.8  15:24   SW
29    14.4   18.7  16:35   11.9  00:55    5.5    0.0     1.0  4.2    33.8  08:45   SW
---------------------------------------------------------------------------------------
      17.0   29.3    13     9.8    19    93.6   46.2    19.6  4.6    77.2    17    SSE

Max >=   32.2:  0
Max <=    0.0:  0
Min <=    0.0:  0
Min <=  -17.8:  0
Max Rain    :    7.9 mm ON 05/24/2017
Days of Rain: 8 (> 0.254 mm) 3 (> 2.54 mm) 0 (> 25.4 mm)