NOAA-Style Climate Reports

Select a Year or Month report
2018: Jan Feb Mar Apr May Jun Jul Aug Sep Oct Nov Dec
2017: Jan Feb Mar Apr May Jun Jul Aug Sep Oct Nov Dec
2016: Jan Feb Mar Apr May Jun Jul Aug Sep Oct Nov Dec
2015: Jan Feb Mar Apr May Jun Jul Aug Sep Oct Nov Dec
2014: Jan Feb Mar Apr May Jun Jul Aug Sep Oct Nov Dec

Report for 2018 January
                   MONTHLY CLIMATOLOGICAL SUMMARY for JAN 2018


NAME: PLAI                  CITY: ARACHOVA              STATE: VIOTIA GREECE       
ELEV:  912.9 m    LAT: 38.3 N    LONG: 22.3 E


                   TEMPERATURE (C), RAIN (mm), WIND SPEED (kph)

                                         HEAT   COOL         AVG
      MEAN                               DEG    DEG          WIND                  DOM
DAY   TEMP   HIGH  TIME    LOW   TIME    DAYS   DAYS   RAIN  SPEED   HIGH  TIME    DIR
---------------------------------------------------------------------------------------
01     9.8   14.0  14:48    7.0  00:00   14.1    0.0     0.0  6.5    23.4  14:30   WNW
02     9.0   11.7  14:12    7.6  07:57   15.6    0.0     0.0 17.8    55.1  06:20   WSW
03     8.0   11.3  14:20    5.6  23:59   17.8    0.0     0.0  8.0    29.5  23:55   WSW
04     5.1    6.5  12:24    3.9  22:48   23.6    0.0     0.0 12.4    66.2  14:29   WSW
05     7.2   10.9  16:14    3.7  02:47   19.9    0.0     0.0  5.0    24.5  00:39   N
06     9.2   12.4  16:31    6.8  04:07   15.7    0.0     0.0  7.4    22.0  19:36   W
07     9.3   12.5  15:46    7.5  06:57   15.0    0.0     0.0  5.6    23.4  13:40   W
08     9.5   12.1  13:15    8.4  00:12   14.6    0.0    34.2  5.3    22.0  13:45   W
09     9.3   11.8  15:49    8.1  02:14   15.1    0.0     0.0  8.6    33.1  22:35   NNE
10     8.6    9.4  14:59    7.8  23:44   17.5    0.0     0.0 12.8    39.2  04:53   NE
11     8.3   12.1  22:49    7.7  08:44   15.2    0.0     1.5  3.8    17.3  00:25   SW
12     9.4   11.9  13:59    8.0  21:30   15.1    0.0     0.0 18.0    41.8  21:25   NE
13     6.7    7.7  15:48    4.8  18:07   21.8    0.0     2.4  6.0    30.6  17:55   NE
14     4.8    6.3  14:58    3.8  19:14   23.9    0.0     0.0 11.5    35.6  15:58   N
15     4.7    5.6  15:20    3.4  08:44   24.9    0.0     4.2  4.5    20.9  14:37   W
19     8.3   10.9  15:20    6.6  22:59   17.2    0.0     5.1 14.3    47.9  14:50   SW
20     8.1    9.4  16:58    6.8  00:22   18.4    0.0     0.6 22.4    78.5  18:13   WSW
21     7.7    8.9  10:43    6.1  20:13   19.5    0.0    14.4  9.9    34.2  16:18   W
---------------------------------------------------------------------------------------
       8.0   14.0     1     3.4    15   324.9    0.0    62.4 10.0    78.5    20    WSW

Max >=   32.2:  0
Max <=    0.0:  0
Min <=    0.0:  0
Min <=  -17.8:  0
Max Rain    :   34.2 mm ON 01/08/2018
Days of Rain: 7 (> 0.254 mm) 4 (> 2.54 mm) 1 (> 25.4 mm)