NOAA-Style Climate Reports

Select a Year or Month report
2017: Jan Feb Mar Apr May Jun Jul Aug Sep Oct Nov Dec
2016: Jan Feb Mar Apr May Jun Jul Aug Sep Oct Nov Dec
2015: Jan Feb Mar Apr May Jun Jul Aug Sep Oct Nov Dec
2014: Jan Feb Mar Apr May Jun Jul Aug Sep Oct Nov Dec

Report for 2017 June
                   MONTHLY CLIMATOLOGICAL SUMMARY for JUN 2017


NAME: PLAI                  CITY: ARACHOVA              STATE: VIOTIA GREECE       
ELEV:  912.9 m    LAT: 38.3 N    LONG: 22.3 E


                   TEMPERATURE (C), RAIN (mm), WIND SPEED (kph)

                                         HEAT   COOL         AVG
      MEAN                               DEG    DEG          WIND                  DOM
DAY   TEMP   HIGH  TIME    LOW   TIME    DAYS   DAYS   RAIN  SPEED   HIGH  TIME    DIR
---------------------------------------------------------------------------------------
01    21.9   26.5  17:10   17.7  04:52    0.0    6.8     0.0  2.1    30.6  17:13   SE
02    23.4   28.1  14:38   19.6  04:59    0.0    9.9     0.0  0.9    29.0  15:06   SE
03    22.7   27.0  13:16   19.6  06:38    0.0    9.0     0.0  2.6    37.0  17:38   ESE
04    20.1   25.4  14:43   17.8  06:38    0.0    5.9    10.4  5.6    37.0  11:56   W
05    19.6   23.6  13:50   16.0  06:59    0.0    2.6     0.0  3.8    29.0  13:53   WNW
06    21.1   25.9  15:50   17.3  05:22    0.0    5.9     0.0  1.8    32.2  15:55   WNW
07    21.0   24.2  15:17   18.3  08:16    0.0    5.3     0.0  1.9    32.2  06:47   WNW
08    20.6   23.3  15:23   19.0  04:18    0.0    5.1     3.0  1.6    83.7  17:39   WNW
09    20.5   20.5  00:59   20.5  00:00    0.0    3.9     0.0  3.2    83.7  00:00   NW
10    20.5   20.5  00:59   20.5  00:00    0.0    3.9     0.0  3.2    83.7  00:00   NW
11    20.5   20.5  00:59   20.5  00:00    0.0    3.9    14.7  3.2    83.7  00:00   NW
12    20.5   20.5  00:59   20.5  00:00    0.0    3.9     2.0  3.2    83.7  00:00   NW
---------------------------------------------------------------------------------------
      21.0   28.1     2    16.0     5     0.0   66.1    30.2  2.8    83.7     8    WNW

Max >=   32.2:  0
Max <=    0.0:  0
Min <=    0.0:  0
Min <=  -17.8:  0
Max Rain    :   14.7 mm ON 06/11/2017
Days of Rain: 4 (> 0.254 mm) 3 (> 2.54 mm) 0 (> 25.4 mm)