NOAA-Style Climate Reports

Select a Year or Month report
2017: Jan Feb Mar Apr May Jun Jul Aug Sep Oct Nov Dec
2016: Jan Feb Mar Apr May Jun Jul Aug Sep Oct Nov Dec
2015: Jan Feb Mar Apr May Jun Jul Aug Sep Oct Nov Dec
2014: Jan Feb Mar Apr May Jun Jul Aug Sep Oct Nov Dec

Report for 2014 August
                   MONTHLY CLIMATOLOGICAL SUMMARY for AUG 2014


NAME: PLAI                  CITY: ARACHOVA              STATE: VIOTIA GREECE       
ELEV:  912.9 m    LAT: 38.3 N    LONG: 22.3 E


                   TEMPERATURE (C), RAIN (mm), WIND SPEED (kph)

                                         HEAT   COOL         AVG
      MEAN                               DEG    DEG          WIND                  DOM
DAY   TEMP   HIGH  TIME    LOW   TIME    DAYS   DAYS   RAIN  SPEED   HIGH  TIME    DIR
---------------------------------------------------------------------------------------
18    21.4   28.3  17:00   16.5  10:00    0.0    7.3     0.0  0.1    20.9  16:50   NW
19    22.2   29.4  17:44   16.8  09:34    0.0    8.6     0.0  1.0    25.7  18:14   NNW
20    27.6   30.7  18:29   23.0  04:14    0.0   15.3     0.0  3.4    38.6  17:59   WSW
21    28.1   33.0  18:44   24.9  09:49    0.0   19.1     0.0  2.4    37.0  18:44   NW
22    29.5   35.8  17:24   26.0  09:59    0.0   22.6     0.0  4.6    46.7  18:59   NW
23    29.5   34.7  17:24   26.0  09:54    0.0   21.6     0.0  5.0    51.5  18:39   SW
24    29.0   33.2  17:29   25.7  08:44    0.0   20.0     0.0 10.6    83.7  19:14   SW
25    27.7   32.2  19:04   24.0  10:04    0.0   17.6     0.0  4.9    40.2  16:49   NE
26    25.3   30.9  19:29   20.7  10:29    0.0   13.4     0.0 13.0    45.1  16:14   NE
27    26.9   31.9  19:09   23.0  09:39    0.0   16.4     0.0  2.9    40.2  17:04   NW
28    28.0   32.6  18:04   25.1  09:04    0.0   18.9     0.0  9.2    61.1  18:39   NE
29    24.8   29.3  16:29   21.6  09:49    0.0   12.8     0.0 20.9    46.7  16:59   E
30    22.5   26.0  15:24   19.3  09:14    0.0    7.8     0.0 19.1    38.6  20:44   E
31    23.2   28.1  18:44   19.6  10:04    0.0    9.9     0.0  9.4    30.6  00:04   NNE
---------------------------------------------------------------------------------------
      26.1   35.8    22    16.5    18     0.0  211.5     0.0  7.6    83.7    24    N

Max >=   32.2:  5
Max <=    0.0:  0
Min <=    0.0:  0
Min <=  -17.8:  0
Max Rain    :    0.0 mm ON --/--/----
Days of Rain: 0 (> 0.254 mm) 0 (> 2.54 mm) 0 (> 25.4 mm)