NOAA-Style Climate Reports

Select a Year or Month report
2017: Jan Feb Mar Apr May Jun Jul Aug Sep Oct Nov Dec
2016: Jan Feb Mar Apr May Jun Jul Aug Sep Oct Nov Dec
2015: Jan Feb Mar Apr May Jun Jul Aug Sep Oct Nov Dec
2014: Jan Feb Mar Apr May Jun Jul Aug Sep Oct Nov Dec

Report for 2014 September
                   MONTHLY CLIMATOLOGICAL SUMMARY for SEP 2014


NAME: PLAI                  CITY: ARACHOVA              STATE: VIOTIA GREECE       
ELEV:  912.9 m    LAT: 38.3 N    LONG: 22.3 E


                   TEMPERATURE (C), RAIN (mm), WIND SPEED (kph)

                                         HEAT   COOL         AVG
      MEAN                               DEG    DEG          WIND                  DOM
DAY   TEMP   HIGH  TIME    LOW   TIME    DAYS   DAYS   RAIN  SPEED   HIGH  TIME    DIR
---------------------------------------------------------------------------------------
01    24.2   28.6  18:54   20.6  09:44    0.0   11.3     0.0  3.7    32.2  20:59   NW
02    22.6   25.6  00:04   20.4  10:14    0.0    8.4     0.0  2.3    11.3  11:59   W
03    20.6   25.0  18:09   17.8  10:24    0.0    5.5     0.0  8.9    51.5  16:59   WNW
04    20.7   26.1  17:49   18.2  09:14    0.0    6.9     0.0  1.1    32.2  16:59   NE
05    22.2   26.7  18:04   19.0  10:14    0.0    8.1     0.0  1.9    38.6  18:29   NNE
06    22.5   26.7  17:49   19.5  09:09    0.0    8.6     0.0  1.4    37.0  20:24   NNE
07    21.1   24.0  13:49   19.2  10:49    0.0    5.9     0.0  2.9    33.8  18:19   ESE
08    20.0   22.8  16:09   17.8  10:24    0.0    3.5     0.0  1.1    25.7  17:49   NE
09    20.1   24.8  15:34   17.7  09:59    0.0    5.2     0.0  2.6    29.0  04:49   NNE
10    22.6   24.5  19:24   18.4  03:09    0.0    5.6    12.7  3.3    27.4  14:19   ESE
11    21.5   26.3  18:19   18.5  07:24    0.0    7.3     0.0  4.2    27.4  20:39   NW
12    22.1   27.0  18:34   18.8  09:34    0.0    8.2     0.0  1.8    24.1  17:59   WNW
13    23.4   28.3  18:14   19.7  01:34    0.0   10.2     0.0  1.5    24.1  16:19   NNE
14    22.1   25.8  13:15   19.5  23:50    0.0    7.8     0.0  2.3    30.6  17:00   NW
15    20.8   25.1  16:40   18.6  02:55    0.0    6.3     0.0  2.3    33.8  19:25   N
16    20.4   24.7  15:55   17.8  07:00    0.0    5.3     0.3  4.2    32.2  13:10   NNE
17    18.3   21.9  13:10   15.6  23:40    0.0    0.8     1.3  8.2    43.5  13:25   NE
18    17.2   21.4  16:00   15.1  06:20    0.1    0.0     1.8  9.9    46.7  17:35   ENE
19    18.7   22.7  16:20   14.9  04:40    0.0    0.8     0.3  2.4    32.2  12:20   NNE
20    19.7   24.7  15:40   16.4  06:50    0.0    4.0     0.0  1.0    32.2  16:20   NW
21    22.5   27.3  15:55   18.8  02:55    0.0    8.5     0.0  3.2    41.8  15:05   NW
22    23.1   27.7  15:40   20.5  07:15    0.0   10.4     0.0 14.3    70.8  16:20   WNW
23    22.1   25.5  16:30   17.0  23:55    0.0    5.2     0.0 36.1   106.2  01:50   W
24    18.7   23.1  15:55   14.5  07:45    0.0    0.9     0.0  8.2    33.8  00:00   NNE
25    17.9   21.5  13:25   16.7  23:20    0.0    1.4     0.0  3.5    34.8  14:05   NW
26    16.9   20.0  16:30   13.6  22:45    2.8    0.0     0.0  7.5    53.3  14:40   WNW
27    13.7   16.5  11:15   12.1  08:15    7.2    0.0     1.8  5.7    49.8  16:00   NE
28    14.9   19.7  18:55   12.8  02:55    3.8    0.0     1.8  2.5    34.8  19:45   WSW
29    15.2   19.7  17:50   12.7  10:30    3.8    0.0     0.0  6.1    49.9  14:15   NE
30    15.7   21.4  18:20   11.6  08:20    3.3    0.0     0.0  8.8    49.9  14:15   NNE
---------------------------------------------------------------------------------------
      20.1   28.6     1    11.6    30    21.0  146.1    19.8  5.4   106.2    23    N

Max >=   32.2:  0
Max <=    0.0:  0
Min <=    0.0:  0
Min <=  -17.8:  0
Max Rain    :   12.7 mm ON 09/10/2014
Days of Rain: 5 (> 0.254 mm) 1 (> 2.54 mm) 0 (> 25.4 mm)