NOAA-Style Climate Reports

Select a Year or Month report
2017: Jan Feb Mar Apr May Jun Jul Aug Sep Oct Nov Dec
2016: Jan Feb Mar Apr May Jun Jul Aug Sep Oct Nov Dec
2015: Jan Feb Mar Apr May Jun Jul Aug Sep Oct Nov Dec
2014: Jan Feb Mar Apr May Jun Jul Aug Sep Oct Nov Dec

Report for 2014 October
                   MONTHLY CLIMATOLOGICAL SUMMARY for OCT 2014


NAME: PLAI                  CITY: ARACHOVA              STATE: VIOTIA GREECE       
ELEV:  912.9 m    LAT: 38.3 N    LONG: 22.3 E


                   TEMPERATURE (C), RAIN (mm), WIND SPEED (kph)

                                         HEAT   COOL         AVG
      MEAN                               DEG    DEG          WIND                  DOM
DAY   TEMP   HIGH  TIME    LOW   TIME    DAYS   DAYS   RAIN  SPEED   HIGH  TIME    DIR
---------------------------------------------------------------------------------------
01    17.8   22.7  17:35   14.6  10:20    0.0    0.6     0.0  8.0    51.0  19:30   ENE
02    17.5   21.4  17:40   14.7  09:50    0.5    0.0     0.0 15.7    54.4  17:10   NE
03    14.6   17.6  13:25   12.7  22:40    5.7    0.0     0.0 10.0    40.5  02:55   NE
04    13.1   15.9  14:15   11.7  09:05    8.2    0.0     0.0 14.1    55.7  13:35   NE
05    12.0   13.7  15:35   10.6  05:50   11.1    0.0     5.8 12.4    37.0  07:05   E
06    14.1   17.3  16:10   11.9  03:55    6.7    0.0     2.0  5.6    49.9  03:50   ESE
07    14.5   17.3  12:50   12.2  13:25    6.5    0.0    21.0  4.4    99.6  13:15   NE
08    14.8   18.2  18:55   12.8  10:50    5.1    0.0     0.0  3.9    45.2  18:15   SE
09    15.6   20.3  17:35   13.3  08:25    2.8    0.0     0.0  8.3    52.1  18:45   SE
10    15.0   19.2  18:05   11.9  10:00    5.0    0.0     0.0 10.9    57.9  17:15   SE
11    15.8   20.4  17:40   12.9  10:40    3.0    0.0     0.0  7.6    48.6  17:05   SE
12    16.6   21.2  17:40   13.6  07:45    1.7    0.0     0.0  1.1    26.7  17:35   E
13    17.3   21.6  18:20   14.5  10:25    0.5    0.0     0.0  0.3    22.0  17:10   ESE
14    17.8   21.8  18:05   15.1  10:10    0.0    0.2     0.0  0.2    17.4  17:05   ESE
15    19.5   23.6  18:10   16.8  04:55    0.0    3.4     0.0  0.1    15.1  18:25   NE
16    21.4   25.0  18:35   18.9  23:50    0.0    6.5     0.0 12.5    70.6  18:30   NNE
17    20.0   22.7  17:20   18.2  07:25    0.0    3.8     0.0 11.8    60.2  02:05   N
18    20.1   25.2  19:05   16.5  06:55    0.0    4.5     0.0  5.4    57.9  23:35   NE
19    15.1   18.1  00:00   12.3  23:35    5.6    0.0     0.0 15.3    62.6  01:25   SSE
20    14.0   19.0  18:25   10.4  10:50    6.5    0.0     0.0  2.1    25.4  13:50   ESE
21    16.4   21.1  18:35   13.6  07:50    1.8    0.0     0.0  1.0    27.8  18:05   NE
22    15.1   19.4  16:45   12.6  08:50    4.2    0.0     1.3  6.7    66.0  18:20   NE
23    13.2   15.4  00:00    9.0  23:45   11.0    0.0     2.5 21.8   107.8  18:00   N
24     9.2   10.9  18:50    7.8  23:15   16.2    0.0    33.6 13.6    68.4  11:15   SE
25     8.8   11.7  16:15    7.2  01:25   16.0    0.0     0.0  7.5    32.5  01:35   NNE
26     7.5    8.6  02:15    6.8  20:40   19.1    0.0     0.3  8.0    27.4  18:45   SE
27     8.6   11.7  14:20    6.8  06:30   16.3    0.0     0.0  8.2    45.1  11:30   SSE
28     8.2    9.1  12:45    7.6  05:20   18.0    0.0    10.4  3.5    27.4  03:30   SSE
29     9.2   10.6  11:50    8.1  02:10   16.2    0.0     0.0  0.2    19.3  10:35   N
30    10.2   13.3  10:35    8.0  06:40   13.9    0.0     0.0  0.2    19.3  01:10   N
31     9.2   11.6  10:00    7.4  23:55   15.9    0.0     0.0  3.5    37.0  21:40   N
---------------------------------------------------------------------------------------
      14.3   25.2    18     6.8    26   217.6   19.0    76.9  7.2   107.8    23    E

Max >=   32.2:  0
Max <=    0.0:  0
Min <=    0.0:  0
Min <=  -17.8:  0
Max Rain    :   33.6 mm ON 10/24/2014
Days of Rain: 7 (> 0.254 mm) 4 (> 2.54 mm) 1 (> 25.4 mm)