NOAA-Style Climate Reports

Select a Year or Month report
2017: Jan Feb Mar Apr May Jun Jul Aug Sep Oct Nov Dec
2016: Jan Feb Mar Apr May Jun Jul Aug Sep Oct Nov Dec
2015: Jan Feb Mar Apr May Jun Jul Aug Sep Oct Nov Dec
2014: Jan Feb Mar Apr May Jun Jul Aug Sep Oct Nov Dec

Report for 2014 November
                   MONTHLY CLIMATOLOGICAL SUMMARY for NOV 2014


NAME: PLAI                  CITY: ARACHOVA              STATE: VIOTIA GREECE       
ELEV:  912.9 m    LAT: 38.3 N    LONG: 22.3 E


                   TEMPERATURE (C), RAIN (mm), WIND SPEED (kph)

                                         HEAT   COOL         AVG
      MEAN                               DEG    DEG          WIND                  DOM
DAY   TEMP   HIGH  TIME    LOW   TIME    DAYS   DAYS   RAIN  SPEED   HIGH  TIME    DIR
---------------------------------------------------------------------------------------
01     9.1   13.0  13:20    6.9  07:45   15.1    0.0     0.0  0.7    41.8  07:45   NNW
02     9.0   13.8  12:30    6.7  07:00   14.6    0.0     0.0  0.4    29.0  18:30   N
03     9.7   14.1  14:55    6.6  07:05   14.4    0.0     0.0  3.1    37.0  11:10   NNW
04    10.6   14.4  14:55    8.3  07:05   12.5    0.0     0.0  0.1    16.1  13:55   NNW
05    11.7   15.2  15:30    9.1  04:20   11.1    0.0     0.0  0.3    20.9  23:40   N
06    14.0   17.0  12:55   12.2  06:55    6.8    0.0     0.0  1.7    30.6  14:15   N
07    13.9   16.4  10:55   11.6  23:10    7.8    0.0    15.9  1.7    43.5  22:05   N
08    12.2   14.3  14:10   11.0  23:50   10.2    0.0     7.6  3.0    33.8  08:45   SSE
09    12.4   16.2  13:55   10.3  06:55    9.1    0.0     0.0  0.0    12.9  00:00   N
10    13.5   17.4  13:40   10.8  05:45    7.6    0.0     0.0  0.1   101.4  10:25   N
11    13.3   16.7  13:20   11.8  06:55    7.4    0.0     0.0  0.7    20.9  18:30   NNW
12    12.6   13.1  11:15   12.1  03:15   10.4    0.0     0.5  4.2    41.8  23:05   SSW
13    13.0   16.9  13:45   10.3  23:40    8.6    0.0     8.8  0.9    37.0  23:15   N
14    11.2   13.1  15:15    9.6  05:00   12.6    0.0     0.0  0.1    25.7  00:40   N
15    10.8   12.2  09:45    9.9  18:45   13.1    0.0     0.0  0.7    24.1  18:45   N
16    10.2   11.8  15:40    9.4  05:30   13.9    0.0     0.5  0.4    24.1  19:45   N
17    12.5   16.5  13:15   10.0  03:00    9.2    0.0     2.3  6.6    45.1  13:35   NNE
18    13.9   16.7  14:50   12.1  02:45    7.1    0.0     0.0  9.8    49.9  04:40   N
19    13.4   15.7  11:55   11.3  23:20    8.7    0.0     0.0 13.9    82.1  17:40   N
20    11.5   15.2  13:10    9.2  07:20   11.1    0.0     0.0  0.1    32.2  23:25   N
21     9.8   13.7  13:45    7.3  07:50   14.1    0.0     0.0  0.3    40.2  00:50   NNW
22     8.5   12.7  13:25    6.1  05:30   16.1    0.0     0.0  0.0    16.1  10:20   NNW
23     8.0   12.7  13:30    5.3  21:05   16.7    0.0     0.0  0.3    29.0  16:30   N
24     7.5   11.8  12:40    5.2  07:40   17.7    0.0     0.0  0.0    19.3  11:35   NNW
25     5.8    9.9  13:05    3.9  21:15   20.6    0.0     0.0  2.6    46.7  12:55   N
26     4.8    5.8  11:20    4.1  04:10   24.1    0.0     0.0  0.0    16.1  13:45   N
27     5.9    7.2  22:30    4.8  01:05   22.2    0.0    10.9  0.0     0.0  00:00   N
28     8.1    9.1  22:45    7.0  00:00   18.6    0.0     0.8  0.0    40.2  10:35   NNW
29    10.4   12.8  22:30    8.9  02:40   13.5    0.0     0.6  0.8    30.6  15:55   NW
30    12.8   14.2  12:35   10.6  01:45   10.6    0.0     0.6  6.0    56.3  08:20   NW
---------------------------------------------------------------------------------------
      10.7   17.4    10     3.9    25   385.3    0.0    48.4  2.0   101.4    10    N

Max >=   32.2:  0
Max <=    0.0:  0
Min <=    0.0:  0
Min <=  -17.8:  0
Max Rain    :   15.9 mm ON 11/07/2014
Days of Rain: 10 (> 0.254 mm) 4 (> 2.54 mm) 0 (> 25.4 mm)