NOAA-Style Climate Reports

Select a Year or Month report
2017: Jan Feb Mar Apr May Jun Jul Aug Sep Oct Nov Dec
2016: Jan Feb Mar Apr May Jun Jul Aug Sep Oct Nov Dec
2015: Jan Feb Mar Apr May Jun Jul Aug Sep Oct Nov Dec
2014: Jan Feb Mar Apr May Jun Jul Aug Sep Oct Nov Dec

Report for 2014 December
                   MONTHLY CLIMATOLOGICAL SUMMARY for DEC 2014


NAME: PLAI                  CITY: ARACHOVA              STATE: VIOTIA GREECE       
ELEV:  912.9 m    LAT: 38.3 N    LONG: 22.3 E


                   TEMPERATURE (C), RAIN (mm), WIND SPEED (kph)

                                         HEAT   COOL         AVG
      MEAN                               DEG    DEG          WIND                  DOM
DAY   TEMP   HIGH  TIME    LOW   TIME    DAYS   DAYS   RAIN  SPEED   HIGH  TIME    DIR
---------------------------------------------------------------------------------------
01    13.6   15.9  12:40   11.8  23:35    8.1    0.0     0.4  0.0    16.1  12:50   N
02    12.8   15.5  12:25   11.3  07:40    8.8    0.0     0.8  3.4    74.0  15:55   N
03    13.2   15.5  12:50   11.4  05:45    8.8    0.0     2.5  5.6    80.5  04:15   NNE
04    12.1   15.8  14:25    9.9  03:40    9.9    0.0     9.3  1.4   109.4  22:20   N
05    11.5   13.6  14:10   10.2  05:25   11.6    0.0     0.0  0.0     0.0  00:00   N
06    11.9   14.8  14:10   10.0  23:55   10.7    0.0     0.0  2.3    37.0  16:30   NNW
07    10.3   12.8  13:20    9.0  18:15   13.4    0.0     1.0  0.1   111.0  14:20   NNW
08     8.8   11.1  12:15    7.7  21:05   16.1    0.0     3.8  0.9    59.5  11:05   N
09     8.3   10.0  13:50    7.3  07:45   17.4    0.0     0.0  0.5    19.3  23:50   N
10     7.9   10.1  11:55    6.7  23:30   17.9    0.0     0.5  9.8    43.5  20:00   NNE
11     8.0   10.6  13:20    6.7  00:05   17.4    0.0     1.3 13.6    46.7  19:55   NE
12     6.9    7.8  13:50    6.1  11:35   20.5    0.0    14.3  6.7    43.5  14:15   NNW
13     8.3   12.4  14:15    5.6  07:10   16.8    0.0     0.0  8.6    38.6  11:15   NNE
14     8.7   12.6  14:40    6.2  07:55   16.1    0.0     0.0  3.3    19.3  14:05   NW
15     7.9   10.6  12:35    5.9  08:15   18.2    0.0     0.0  4.7    24.1  11:20   NW
16     7.7    8.7  23:55    6.6  00:05   19.2    0.0     0.0  6.3    37.0  22:20   WNW
17     8.2    9.3  11:05    6.3  23:20   18.9    0.0    24.8  9.5    45.1  05:30   WNW
18     7.9   11.1  14:55    6.3  07:25   17.4    0.0     0.0  6.8    37.0  00:05   WNW
19     8.7   12.4  13:45    6.6  07:10   15.9    0.0     0.0  4.2    19.3  10:05   NW
20     9.1   13.0  14:30    6.5  06:25   15.4    0.0     0.0  3.9    24.1  13:55   NW
21     9.0   13.8  15:10    6.2  22:40   15.0    0.0     0.0  8.3    53.1  17:35   N
22     5.8    9.8  13:40    3.5  03:35   21.1    0.0     0.0  7.9    41.8  02:30   N
23    10.6   15.3  14:10    5.3  00:00   14.4    0.0     0.0  3.4    16.1  06:55   N
24    14.0   17.7  14:40   11.5  23:25    6.7    0.0     0.0  5.7    19.3  13:30   WNW
25    11.7   14.5  14:30    8.9  23:40   11.9    0.0     0.0  6.2    30.6  12:35   WNW
26     8.1   10.0  12:10    5.8  23:40   18.8    0.0     6.0  9.3    35.4  15:55   WNW
27     5.7    9.0  12:45    3.4  23:45   21.9    0.0     0.5  6.6    27.4  17:50   WNW
28     4.2    6.1  23:55    2.3  07:55   25.4    0.0    40.7 10.7    37.0  23:10   W
29     5.2    6.6  01:20    3.3  23:55   24.1    0.0    11.5 24.1   146.5  03:45   WSW
30    -0.4    3.6  00:40   -2.0  20:25   31.6    0.0     0.0 18.8    54.7  02:00   NNE
31    -0.1    2.5  13:05   -1.8  02:00   32.4    0.0     0.0 10.6    86.9  13:50   WNW
---------------------------------------------------------------------------------------
       8.6   17.7    24    -2.0    30   521.7    0.0   117.3  6.6   146.5    29    NNW

Max >=   32.2:  0
Max <=    0.0:  0
Min <=    0.0:  2
Min <=  -17.8:  0
Max Rain    :   40.7 mm ON 12/28/2014
Days of Rain: 14 (> 0.254 mm) 7 (> 2.54 mm) 1 (> 25.4 mm)