NOAA-Style Climate Reports

Select a Year or Month report
2017: Jan Feb Mar Apr May Jun Jul Aug Sep Oct Nov Dec
2016: Jan Feb Mar Apr May Jun Jul Aug Sep Oct Nov Dec
2015: Jan Feb Mar Apr May Jun Jul Aug Sep Oct Nov Dec
2014: Jan Feb Mar Apr May Jun Jul Aug Sep Oct Nov Dec

Report for 2015
                   ANNUAL CLIMATOLOGICAL SUMMARY for 2015


NAME: PLAI                  CITY: ARACHOVA              STATE: VIOTIA GREECE       
ELEV:  912.9 m    LAT: 38.3 N    LONG: 22.3 E


                 TEMPERATURE (C), RAIN (mm), WIND SPEED (kph)

                            DEP.    HEAT    COOL
          MEAN  MEAN        FROM    DEG     DEG                          MAX   MAX  MIN   MIN
 YR  MO   MAX   MIN   MEAN  NORM    DAYS    DAYS     HI DATE   LOW DATE >=32.2 <=0  <=0  <=-17.8
---------------------------------------------------------------------------------------------
2015 01    9.1   3.1   5.6   1.0   638.7     0.0   16.7  11   -4.4   6      0    0    8    0
2015 02    7.6   2.0   4.4  -2.9   682.2     0.0   13.8   5   -4.2  18      0    0    7    0
2015 03   10.2   5.1   7.2  -1.3   597.3     0.0   15.2  31    1.5  21      0    0    0    0
2015 04   15.8   8.6  11.7  -1.8   331.5     0.0   21.2  19    0.8   9      0    0    0    0
2015 05   23.1  14.9  18.4   1.2    45.6    81.9   29.3   7   10.8  11      0    0    0    0
2015 06   24.0  16.7  19.7  -1.6    12.0   121.9   30.3  16   13.5   8      0    0    0    0
2015 07   29.2  21.0  24.6   0.0     0.0   377.7   33.6  30   15.0   1      4    0    0    0
2015 08   29.3  20.9  24.3  -0.3     0.0   376.9   32.0   1   17.9  24      0    0    0    0
2015 09   26.3  18.7  21.8   1.5    12.1   236.9   33.3   6   12.7  30      2    0    0    0
2015 10   18.4  12.7  14.9   0.6   167.1     9.4   24.0   6    7.5  29      0    0    0    0
2015 11   16.5  10.8  13.1   1.9   254.1     0.6   21.6  10    5.7  30      0    0    0    0
2015 12   11.9   5.9   8.3   0.9   527.7     0.0   16.7  24   -3.8  31      0    0    2    0
---------------------------------------------------------------------------------------------
          18.4  11.7  14.5  -0.1  3268.4  1205.3   33.6 JUL   -4.4 JAN      6    0   17    0


                            PRECIPITATION (mm)

                  DEP.    MAX         ---DAYS OF RAIN---
                  FROM    OBS.                OVER
 YR  MO  TOTAL    NORM    DAY  DATE   0.254  2.54   25.4
---------------------------------------------------------
2015 01   62.5    20.2   43.7   31       5      4      1
2015 02  134.6    66.5   53.8   27      10      8      2
2015 03   95.8    21.9   51.6    6      16      6      1
2015 04   11.9    -3.3    3.3   14       6      3      0
2015 05   14.5   -10.3    9.1   28       3      2      0
2015 06   39.1    13.9   17.2    7       8      4      0
2015 07   35.6    17.4   25.5   26       3      2      1
2015 08   10.8     4.2    7.3   12       4      1      0
2015 09   45.2     1.6   36.6   21       6      2      1
2015 10   80.6    27.9   49.9   22       7      5      1
2015 11   41.5     6.8   18.5   25       6      5      0
2015 12    0.0   -31.3    0.0    0       0      0      0
---------------------------------------------------------
         572.1   135.4    53.8 FEB      74     42      7


                              WIND SPEED (kph)

                              DOM
 YR  MO    AVG     HI   DATE  DIR
----------------------------------
2015 01   11.4  144.8    31    NW
2015 02   15.6  125.5     1     E
2015 03   10.7   75.6     6     N
2015 04    9.3   98.2    18     W
2015 05    5.9   96.6    12   NNW
2015 06    6.8   98.2     7     N
2015 07    7.0   69.2    18     W
2015 08    8.9   69.2     7     W
2015 09    5.9   59.5     6   NNW
2015 10    5.3  115.9     1    NE
2015 11    5.8  115.9    12   NNE
2015 12    4.7   69.2    31     S
----------------------------------
           8.1  144.8   JAN    NW