NOAA-Style Climate Reports

Select a Year or Month report
2017: Jan Feb Mar Apr May Jun Jul Aug Sep Oct Nov Dec
2016: Jan Feb Mar Apr May Jun Jul Aug Sep Oct Nov Dec
2015: Jan Feb Mar Apr May Jun Jul Aug Sep Oct Nov Dec
2014: Jan Feb Mar Apr May Jun Jul Aug Sep Oct Nov Dec

Report for 2015 January
                   MONTHLY CLIMATOLOGICAL SUMMARY for JAN 2015


NAME: PLAI                  CITY: ARACHOVA              STATE: VIOTIA GREECE       
ELEV:  912.9 m    LAT: 38.3 N    LONG: 22.3 E


                   TEMPERATURE (C), RAIN (mm), WIND SPEED (kph)

                                         HEAT   COOL         AVG
      MEAN                               DEG    DEG          WIND                  DOM
DAY   TEMP   HIGH  TIME    LOW   TIME    DAYS   DAYS   RAIN  SPEED   HIGH  TIME    DIR
---------------------------------------------------------------------------------------
01    -0.2    2.2  12:30   -2.2  23:10   33.0    0.0     0.0  9.4    54.7  01:00   NE
02     0.0    3.4  14:20   -2.0  07:20   31.8    0.0     0.0  8.3    37.0  14:55   NE
03     3.7    9.5  14:30   -0.6  01:45   25.0    0.0     0.0  5.1    27.4  15:10   NNE
04     7.0   11.0  15:45    4.6  01:55   18.9    0.0     0.0 14.6    57.9  12:55   NW
05     0.8    4.6  00:00   -2.1  23:05   30.8    0.0     0.0 17.0    82.1  03:25   NE
06    -2.2    1.3  11:40   -4.4  07:10   35.8    0.0     0.0 12.9    61.2  21:30   N
07    -1.9    2.6  13:30   -4.2  08:20   34.5    0.0     0.0  9.9    48.3  16:15   SE
08    -0.4    3.9  14:25   -3.2  03:05   32.4    0.0     0.0  5.5    32.2  22:25   NE
09     2.1    6.4  14:30   -1.4  07:10   28.6    0.0     0.0  4.6    29.0  13:25   NNW
10     6.9   11.0  23:20    2.7  02:10   20.7    0.0     0.0 10.7    40.2  23:40   W
11    11.8   16.7  13:35    9.2  21:40    9.7    0.0     0.0 12.9    78.9  23:00   W
12     5.7   10.1  01:10    0.8  20:05   23.2    0.0     6.5 25.7   104.6  17:40   WSW
13     3.5    8.0  15:30    0.1  07:55   25.7    0.0     0.0 16.1    72.4  11:40   WSW
14     6.9   11.7  14:05    3.5  02:30   19.4    0.0     0.0  6.3    29.0  00:05   NW
15     8.6   14.0  13:10    5.7  02:55   15.3    0.0     0.0  9.5    59.5  10:40   NNW
16     7.5   11.5  13:40    5.1  07:45   18.1    0.0     0.0 10.6    40.2  11:25   N
17     7.4   11.7  14:20    4.6  04:40   18.4    0.0     0.0  4.9    22.5  14:40   WNW
18     7.7   10.5  12:15    6.0  02:15   18.2    0.0     0.0  6.1    33.8  23:10   WNW
19     9.1   12.8  14:10    6.5  06:05   15.6    0.0     0.0  9.9    37.0  14:20   W
20     9.7   13.3  14:10    7.2  07:55   14.6    0.0     0.0 10.2    40.2  20:10   NE
21    10.3   14.0  15:25    8.8  23:45   12.5    0.0     0.0 10.3    40.2  00:05   NE
22    10.4   14.1  15:10    7.9  08:00   13.3    0.0     0.0 18.1    77.2  17:50   ENE
23     8.9   13.0  14:20    5.0  22:00   16.8    0.0     2.8 21.9    78.9  02:25   E
24     5.3    6.1  00:05    4.5  05:55   23.4    0.0     7.5  9.7    32.2  11:05   W
25     7.1   10.8  14:50    5.0  01:45   18.7    0.0     0.0  4.8    32.2  13:35   WNW
26     7.6    7.6  00:55    7.6  00:00   19.4    0.0     0.0  0.0     0.0  00:00   N
29     5.3    5.8  20:50    4.7  23:55   23.5    0.0     0.0  3.8    19.3  23:55   S
30     5.5    7.4  15:35    4.4  07:45   22.4    0.0     2.0 26.3    74.0  17:05   SSE
31     7.7    9.8  21:55    5.6  01:05   19.1    0.0    43.7 26.8   144.8  19:10   SSE
---------------------------------------------------------------------------------------
       5.6   16.7    11    -4.4     6   638.7    0.0    62.5 11.4   144.8    31    NW

Max >=   32.2:  0
Max <=    0.0:  0
Min <=    0.0:  8
Min <=  -17.8:  0
Max Rain    :   43.7 mm ON 01/31/2015
Days of Rain: 5 (> 0.254 mm) 4 (> 2.54 mm) 1 (> 25.4 mm)