NOAA-Style Climate Reports

Select a Year or Month report
2017: Jan Feb Mar Apr May Jun Jul Aug Sep Oct Nov Dec
2016: Jan Feb Mar Apr May Jun Jul Aug Sep Oct Nov Dec
2015: Jan Feb Mar Apr May Jun Jul Aug Sep Oct Nov Dec
2014: Jan Feb Mar Apr May Jun Jul Aug Sep Oct Nov Dec

Report for 2015 February
                   MONTHLY CLIMATOLOGICAL SUMMARY for FEB 2015


NAME: PLAI                  CITY: ARACHOVA              STATE: VIOTIA GREECE       
ELEV:  912.9 m    LAT: 38.3 N    LONG: 22.3 E


                   TEMPERATURE (C), RAIN (mm), WIND SPEED (kph)

                                         HEAT   COOL         AVG
      MEAN                               DEG    DEG          WIND                  DOM
DAY   TEMP   HIGH  TIME    LOW   TIME    DAYS   DAYS   RAIN  SPEED   HIGH  TIME    DIR
---------------------------------------------------------------------------------------
01     9.0   11.2  13:40    4.8  23:55   18.5    0.0     2.5 51.2   125.5  08:25   SE
02     3.1    5.0  03:25    1.0  19:55   27.5    0.0    11.6 23.0    95.0  06:05   SSE
03     4.2    7.9  14:40    0.9  00:35   25.1    0.0     0.5 16.7    67.6  00:20   SSE
04     6.6   10.1  14:55    4.2  07:25   20.1    0.0     0.0 16.4    59.5  13:00   SSE
05     9.7   13.8  15:20    6.8  04:05   14.5    0.0     0.0 18.8    59.5  22:25   NW
06     7.7    9.8  10:00    4.3  18:55   20.4    0.0     5.8 29.2   106.2  11:05   SSE
07     7.4   10.7  16:15    5.0  03:35   18.9    0.0     0.0  9.9    41.8  00:35   SE
08     5.2    7.8  15:15    3.6  22:45   22.8    0.0     0.0 14.2    56.3  13:25   SE
09     1.6    4.5  01:50    0.1  09:10   28.8    0.0     0.0 21.7    93.3  08:45   WNW
10     0.1    4.0  10:55   -2.8  23:00   32.0    0.0     0.0 13.7    72.4  00:25   NNW
11    -1.8    2.0  15:35   -4.1  07:25   34.9    0.0     0.0 13.4    41.8  01:45   NNW
12     0.1    4.6  13:50   -2.8  07:05   31.3    0.0     0.0  5.0    29.0  16:35   NW
13     2.4    7.9  13:50   -0.9  06:50   26.6    0.0     0.0  9.1    32.2  14:15   N
14     3.6    8.1  12:30    0.4  05:30   25.3    0.0     0.0  6.0    27.4  15:30   NE
15     3.9    8.9  12:55    1.1  04:30   24.0    0.0     0.0 13.7    38.6  11:50   ENE
16     4.2   10.3  13:50    1.8  07:35   22.1    0.0     0.0 19.3    48.3  23:10   ENE
17     0.6    2.7  11:35   -2.2  23:35   32.6    0.0     0.0 31.2    82.1  16:55   ENE
18    -1.8    2.8  14:35   -4.2  05:55   34.3    0.0     0.0 14.6    56.3  00:55   ENE
19     0.5    6.0  17:05   -3.4  06:40   30.7    0.0     0.0  5.8    49.9  01:35   E
20     3.9    5.5  09:25    1.2  07:20   27.0    0.0     0.0  7.0    11.3  00:35   SSE
21     6.1    6.5  22:30    5.7  23:10   22.0    0.0     0.0  6.8    11.3  21:45   W
22     6.0    7.0  12:55    4.5  05:35   22.6    0.0    26.0 18.0    45.1  22:35   NE
23     7.4    9.3  11:50    6.2  00:40   19.0    0.0    11.8 11.9    37.0  02:05   NE
24     7.7   10.4  16:55    6.0  06:40   18.2    0.0     0.0  5.1    24.1  14:45   WNW
25     6.8    9.9  13:30    5.1  08:30   19.5    0.0     2.8 19.2    69.2  12:55   WSW
26     6.5    8.7  09:55    4.9  07:00   20.7    0.0     8.6 16.7    64.4  18:30   NE
27     6.0    7.6  04:00    4.1  23:55   22.5    0.0    53.8 14.1    72.4  11:25   NNE
28     6.8   10.4  13:45    3.8  01:20   20.2    0.0    11.3  6.1    43.5  05:55   WNW
---------------------------------------------------------------------------------------
       4.4   13.8     5    -4.2    18   682.2    0.0   134.6 15.6   125.5     1    E

Max >=   32.2:  0
Max <=    0.0:  0
Min <=    0.0:  7
Min <=  -17.8:  0
Max Rain    :   53.8 mm ON 02/27/2015
Days of Rain: 10 (> 0.254 mm) 8 (> 2.54 mm) 2 (> 25.4 mm)