NOAA-Style Climate Reports

Select a Year or Month report
2017: Jan Feb Mar Apr May Jun Jul Aug Sep Oct Nov Dec
2016: Jan Feb Mar Apr May Jun Jul Aug Sep Oct Nov Dec
2015: Jan Feb Mar Apr May Jun Jul Aug Sep Oct Nov Dec
2014: Jan Feb Mar Apr May Jun Jul Aug Sep Oct Nov Dec

Report for 2015 March
                   MONTHLY CLIMATOLOGICAL SUMMARY for MAR 2015


NAME: PLAI                  CITY: ARACHOVA              STATE: VIOTIA GREECE       
ELEV:  912.9 m    LAT: 38.3 N    LONG: 22.3 E


                   TEMPERATURE (C), RAIN (mm), WIND SPEED (kph)

                                         HEAT   COOL         AVG
      MEAN                               DEG    DEG          WIND                  DOM
DAY   TEMP   HIGH  TIME    LOW   TIME    DAYS   DAYS   RAIN  SPEED   HIGH  TIME    DIR
---------------------------------------------------------------------------------------
01     8.4   12.3  14:55    6.2  07:45   16.3    0.0     0.5  5.9    45.1  15:55   SW
02     8.3   12.0  13:10    6.0  06:05   16.8    0.0     0.0  8.7    54.7  15:30   SW
03    10.0   15.0  16:05    6.3  00:00   13.8    0.0     0.0 10.9    45.1  13:25   SW
04     9.7   14.1  13:40    6.5  07:35   14.5    0.0     0.0 15.4    45.1  08:10   NNE
05     8.8   10.7  13:20    7.1  00:30   17.0    0.0     0.0  8.2    61.2  19:15   NE
06     8.4    9.6  15:50    6.9  08:55   18.1    0.0    51.6 13.5    75.6  13:55   NE
07     6.8    9.7  11:35    4.5  23:55   20.2    0.0     0.0 13.5    70.8  13:25   NNE
08     4.0    6.3  11:25    2.5  06:55   25.1    0.0     1.8 17.0    57.9  14:40   NW
09     5.0    9.2  12:20    2.9  06:10   22.1    0.0     0.5 14.7    56.3  12:30   NNE
10     5.1    7.8  13:40    3.2  02:40   23.1    0.0     1.3  7.6    29.0  02:35   NNE
11     5.9    8.6  12:55    4.7  20:40   21.0    0.0     2.5  5.7    32.2  17:45   NNE
12     5.9    8.0  14:50    4.3  06:30   21.9    0.0     0.5  4.0    30.6  11:55   NNE
13     4.4    5.4  00:00    3.3  07:00   25.2    0.0     0.8 14.3    57.9  03:50   NNE
14     5.9    9.2  13:10    3.6  05:55   21.5    0.0     0.0  5.6    33.8  11:10   NNE
15     6.7    9.4  13:10    4.6  06:40   20.4    0.0     0.0 11.9    40.2  17:05   NNE
16     6.5   10.4  12:20    3.7  05:25   20.4    0.0     0.0 15.1    57.9  15:20   NNE
17     6.5   10.1  15:00    4.1  07:00   20.3    0.0     0.0 10.0    53.1  11:30   NNE
18     4.1    7.4  12:25    2.2  07:25   24.4    0.0     0.0 21.3    53.1  11:15   NNE
19     4.9    8.9  14:25    2.1  02:05   23.1    0.0     0.0  5.6    32.2  13:50   WNW
20     5.0    9.0  15:35    2.5  23:00   22.7    0.0     0.0 13.5    48.3  08:10   WNW
21     5.8   11.1  15:30    1.5  03:25   21.7    0.0     0.0  5.0    33.8  13:55   WNW
22     6.4    9.2  10:40    4.1  06:15   21.0    0.0     1.8  5.3    29.0  19:45   NW
23     7.4    9.8  16:15    5.2  04:10   19.5    0.0     1.5  7.6    32.2  18:35   NW
24     8.6   12.2  14:30    7.0  00:00   15.8    0.0     0.0 11.9    41.8  17:40   N
25     8.2    8.9  00:00    6.7  09:05   19.0    0.0     8.1 15.6    62.8  12:40   NE
26     9.3   10.0  23:45    8.5  07:30   16.3    0.0     6.4 23.2    66.0  19:35   NNE
27     9.5   11.5  14:55    8.2  23:50   15.2    0.0    10.8 11.5    45.1  03:30   NE
28     8.9   11.8  15:45    7.8  06:35   15.4    0.0     4.3  4.1    29.0  22:35   NNW
29     8.5   10.4  11:50    7.2  07:10   17.1    0.0     2.3  7.7    32.2  01:25   NNE
30     8.9   13.0  15:25    6.6  08:05   15.4    0.0     0.8  7.8    53.1  16:30   WSW
31    10.5   15.2  17:17    6.8  08:39   13.2    0.0     0.3  8.9    61.2  12:59   WSW
---------------------------------------------------------------------------------------
       7.2   15.2    31     1.5    21   597.3    0.0    95.8 10.7    75.6     6    N

Max >=   32.2:  0
Max <=    0.0:  0
Min <=    0.0:  0
Min <=  -17.8:  0
Max Rain    :   51.6 mm ON 03/06/2015
Days of Rain: 16 (> 0.254 mm) 6 (> 2.54 mm) 1 (> 25.4 mm)