NOAA-Style Climate Reports

Select a Year or Month report
2017: Jan Feb Mar Apr May Jun Jul Aug Sep Oct Nov Dec
2016: Jan Feb Mar Apr May Jun Jul Aug Sep Oct Nov Dec
2015: Jan Feb Mar Apr May Jun Jul Aug Sep Oct Nov Dec
2014: Jan Feb Mar Apr May Jun Jul Aug Sep Oct Nov Dec

Report for 2015 April
                   MONTHLY CLIMATOLOGICAL SUMMARY for APR 2015


NAME: PLAI                  CITY: ARACHOVA              STATE: VIOTIA GREECE       
ELEV:  912.9 m    LAT: 38.3 N    LONG: 22.3 E


                   TEMPERATURE (C), RAIN (mm), WIND SPEED (kph)

                                         HEAT   COOL         AVG
      MEAN                               DEG    DEG          WIND                  DOM
DAY   TEMP   HIGH  TIME    LOW   TIME    DAYS   DAYS   RAIN  SPEED   HIGH  TIME    DIR
---------------------------------------------------------------------------------------
01    12.6   16.5  16:06    9.6  02:59    9.5    0.0     0.0 11.3    48.3  12:12   WSW
02    11.2   14.9  16:58    8.6  23:59   11.9    0.0     0.0 12.9    49.9  09:08   NNE
03    10.0   15.2  15:53    6.1  23:47   13.8    0.0     0.0 12.6    64.4  22:45   WNW
04     6.7   11.1  14:54    4.1  07:53   19.4    0.0     0.0 19.4    53.1  01:47   NW
05     7.4    9.5  13:44    5.0  05:11   19.9    0.0     0.0  7.2    32.2  19:24   WSW
06     9.2   12.4  14:48    7.1  23:57   15.5    0.0     2.5 18.8    75.6  17:20   WSW
07     7.2   10.7  15:23    4.5  23:36   19.3    0.0     0.5 12.1    56.3  14:17   SW
08     3.9    5.5  18:01    2.1  23:19   26.1    0.0     2.5  5.9    33.8  10:22   WNW
09     4.0    7.2  17:56    0.8  07:49   25.8    0.0     1.0  8.6    51.5  09:12   WNW
10     7.4   11.5  17:04    4.0  07:58   19.1    0.0     0.0 11.4    61.2  11:03   NE
11    10.4   15.0  14:53    6.0  02:44   14.1    0.0     0.0  6.1    35.4  16:04   NW
12    13.7   18.4  15:44    9.9  06:36    7.5    0.0     0.0  5.0    29.0  15:08   NNE
13    15.1   19.2  15:33   12.2  04:57    4.7    0.0     0.0  5.5    30.6  13:07   NW
14    14.3   17.2  15:35   12.1  22:59    6.7    0.0     3.3  4.0    32.2  16:00   NW
15    12.9   16.6  14:45   10.2  06:57    8.9    0.0     0.0 15.1    48.3  12:21   NNE
16    13.8   18.2  15:35   10.2  06:07    7.4    0.0     0.0  6.3    37.0  14:59   SW
17    14.4   19.0  15:15   11.7  01:53    5.4    0.0     0.0 11.2    59.5  17:38   WSW
18    15.9   20.4  15:53   12.5  04:17    3.4    0.0     0.0 28.5    98.2  18:11   WSW
19    15.9   21.2  13:34   11.3  22:53    3.7    0.0     0.0  4.0    45.1  13:46   NW
20    10.7   12.7  12:24    8.9  22:59   13.6    0.0     2.0  2.6    32.2  01:16   WNW
21    11.2   15.3  14:33    9.0  00:49   11.1    0.0     0.0  7.2    45.1  12:37   WNW
22    11.9   17.0  15:55    8.4  04:52   10.2    0.0     0.0  7.5    57.9  13:20   WNW
23    11.1   15.6  15:29    7.6  06:47   12.1    0.0     0.0  7.9    51.5  00:06   NW
24    11.9   16.4  16:50    8.9  05:41   10.3    0.0     0.0  5.5    40.2  16:34   WSW
25    12.8   17.1  15:12   10.5  07:47    8.2    0.0     0.0  3.6    29.0  19:53   WNW
26    14.2   18.7  16:07   10.3  07:21    6.9    0.0     0.0  5.0    43.5  14:25   NW
27    15.6   20.7  14:13   11.8  03:36    3.7    0.0     0.0  3.4    40.2  14:33   WNW
28    16.0   20.3  14:26   12.1  23:59    3.8    0.0     0.0 17.8    86.9  15:19   SW
29    14.1   18.8  14:51   10.9  07:07    6.3    0.0     0.0  8.9    48.3  13:21   SW
30    15.3   20.5  15:25   12.5  23:46    3.3    0.0     0.0  4.1    49.9  15:44   NW
---------------------------------------------------------------------------------------
      11.7   21.2    19     0.8     9   331.5    0.0    11.9  9.3    98.2    18    W

Max >=   32.2:  0
Max <=    0.0:  0
Min <=    0.0:  0
Min <=  -17.8:  0
Max Rain    :    3.3 mm ON 04/14/2015
Days of Rain: 6 (> 0.254 mm) 3 (> 2.54 mm) 0 (> 25.4 mm)