NOAA-Style Climate Reports

Select a Year or Month report
2017: Jan Feb Mar Apr May Jun Jul Aug Sep Oct Nov Dec
2016: Jan Feb Mar Apr May Jun Jul Aug Sep Oct Nov Dec
2015: Jan Feb Mar Apr May Jun Jul Aug Sep Oct Nov Dec
2014: Jan Feb Mar Apr May Jun Jul Aug Sep Oct Nov Dec

Report for 2015 May
                   MONTHLY CLIMATOLOGICAL SUMMARY for MAY 2015


NAME: PLAI                  CITY: ARACHOVA              STATE: VIOTIA GREECE       
ELEV:  912.9 m    LAT: 38.3 N    LONG: 22.3 E


                   TEMPERATURE (C), RAIN (mm), WIND SPEED (kph)

                                         HEAT   COOL         AVG
      MEAN                               DEG    DEG          WIND                  DOM
DAY   TEMP   HIGH  TIME    LOW   TIME    DAYS   DAYS   RAIN  SPEED   HIGH  TIME    DIR
---------------------------------------------------------------------------------------
01    15.8   20.9  15:40   11.7  04:45    3.7    0.0     0.0  3.4    37.0  14:44   WNW
02    15.5   21.0  14:28   11.6  06:47    3.7    0.0     0.0  3.7    37.0  13:58   SW
03    17.4   21.8  15:47   14.0  00:19    0.8    0.0     0.0  3.0    32.2  13:17   NW
04    19.2   24.3  15:37   15.4  05:47    0.0    2.8     0.0  5.4    37.0  14:43   WNW
05    20.8   26.0  15:50   17.4  05:38    0.0    6.0     0.0  3.1    37.0  15:12   NW
06    23.0   28.1  16:24   19.0  05:38    0.0    9.3     0.0  2.5    30.6  15:33   NW
07    24.6   29.3  12:47   20.7  23:58    0.0   12.0     0.0  3.2    43.5  23:57   WNW
08    20.2   25.4  13:12   16.7  06:59    0.0    4.9     0.0 22.1    62.8  16:35   NNE
09    18.5   23.8  13:55   14.1  23:22    0.0    1.1     0.0 12.3    51.5  16:53   NNE
10    16.7   20.9  16:18   14.0  06:43    1.6    0.0     0.0  6.3    46.7  15:09   NE
11    14.2   17.2  10:20   10.8  21:59    7.8    0.0     3.6  4.1    62.8  14:50   SW
12    13.8   16.9  16:42   10.8  00:57    8.1    0.0     0.0 19.5    96.6  07:53   NE
13    15.9   21.0  15:04   12.0  06:02    3.3    0.0     0.0  6.7    43.5  13:48   W
14    18.0   22.5  14:32   14.1  05:37    0.1    0.0     0.0  4.1    49.9  15:35   NW
15    20.8   26.4  15:59   16.1  04:09    0.0    5.3     0.0  4.8    33.8  14:20   WNW
16    21.4   26.3  15:39   18.2  05:44    0.0    7.0     0.0  3.9    22.5  13:38   WSW
17    21.5   26.6  15:59   17.9  00:44    0.0    7.0     0.0  3.1    41.8  17:22   WNW
18    20.9   26.3  16:14   17.3  06:24    0.0    6.2     0.0 11.0    48.3  20:17   NE
19    19.0   24.7  14:46   15.8  23:51    0.0    3.5     0.0  7.0    48.3  03:37   NE
20    17.2   20.6  13:40   14.8  07:08    1.1    0.0     1.8  3.5    45.1  11:58   WNW
21    20.5   25.6  16:44   16.4  00:34    0.0    4.8     0.0  1.6    27.4  18:33   NNE
22    20.8   24.4  13:59   18.6  23:39    0.0    5.7     0.0  6.9    46.7  22:43   NE
23    20.3   24.7  16:13   16.0  07:08    0.0    3.7     0.0  6.7    41.8  15:08   WNW
24    18.6   22.9  15:08   15.1  06:18    0.0    1.2     0.0  5.8    45.1  12:34   W
25    17.2   22.0  15:37   13.4  06:32    1.2    0.0     0.0  5.1    46.7  16:50   W
26    17.8   23.7  15:31   14.3  03:25    0.0    1.2     0.0  5.5    37.0  14:36   WSW
27    17.7   22.1  12:58   14.6  06:50    0.0    0.1     0.0  4.9    48.3  19:03   WNW
28    15.0   19.0  10:57   12.7  21:28    4.5    0.0     9.1  3.2    48.3  12:18   NE
29    14.2   19.0  15:41   11.6  06:59    5.5    0.0     0.0  5.2    40.2  04:14   NE
30    15.7   20.7  16:46   12.0  06:51    3.6    0.0     0.0  2.8    33.8  16:24   NW
31    17.5   22.6  17:22   13.4  04:55    0.7    0.0     0.0  3.5    37.0  14:06   NW
---------------------------------------------------------------------------------------
      18.4   29.3     7    10.8    11    45.6   81.9    14.5  5.9    96.6    12    NNW

Max >=   32.2:  0
Max <=    0.0:  0
Min <=    0.0:  0
Min <=  -17.8:  0
Max Rain    :    9.1 mm ON 05/28/2015
Days of Rain: 3 (> 0.254 mm) 2 (> 2.54 mm) 0 (> 25.4 mm)