NOAA-Style Climate Reports

Select a Year or Month report
2017: Jan Feb Mar Apr May Jun Jul Aug Sep Oct Nov Dec
2016: Jan Feb Mar Apr May Jun Jul Aug Sep Oct Nov Dec
2015: Jan Feb Mar Apr May Jun Jul Aug Sep Oct Nov Dec
2014: Jan Feb Mar Apr May Jun Jul Aug Sep Oct Nov Dec

Report for 2015 June
                   MONTHLY CLIMATOLOGICAL SUMMARY for JUN 2015


NAME: PLAI                  CITY: ARACHOVA              STATE: VIOTIA GREECE       
ELEV:  912.9 m    LAT: 38.3 N    LONG: 22.3 E


                   TEMPERATURE (C), RAIN (mm), WIND SPEED (kph)

                                         HEAT   COOL         AVG
      MEAN                               DEG    DEG          WIND                  DOM
DAY   TEMP   HIGH  TIME    LOW   TIME    DAYS   DAYS   RAIN  SPEED   HIGH  TIME    DIR
---------------------------------------------------------------------------------------
01    18.3   22.6  15:20   15.1  06:48    0.0    0.9     0.0  7.8    66.0  12:27   NE
02    18.4   23.7  13:42   14.4  06:29    0.0    1.3     0.8 13.3    57.9  14:09   WNW
03    19.3   24.9  14:11   15.9  05:44    0.0    3.8     0.0 13.3    61.2  15:28   NE
04    19.6   23.6  17:09   16.5  03:59    0.0    3.1     0.0  4.0    45.1  00:01   WNW
05    19.2   22.3  11:52   16.5  04:28    0.0    1.9     0.0  9.6    46.7  11:13   NE
06    17.0   20.1  12:14   14.6  04:02    1.7    0.0    11.4  6.6    66.0  06:06   NNE
07    15.3   17.1  17:13   14.2  23:48    4.8    0.0    17.2 10.4    98.2  05:44   NW
08    15.9   19.0  13:49   13.5  05:07    3.7    0.0     0.0  7.9    46.7  15:19   NNE
09    17.8   22.1  17:29   14.1  06:20    0.4    0.0     0.0  4.3    40.2  13:37   NW
10    18.5   23.6  12:14   16.0  05:59    0.0    2.6     0.0  2.2    35.4  17:39   NW
11    19.2   22.9  15:54   16.4  06:06    0.0    2.3     0.0  3.5    46.7  19:49   NNE
12    20.4   25.1  13:45   16.9  05:59    0.0    4.8     0.0  8.6    57.9  17:18   NE
13    21.9   26.3  16:42   18.7  02:59    0.0    7.5     0.0  4.8    35.4  12:55   NW
14    23.8   28.5  16:15   19.9  05:59    0.0   10.5     0.0  4.2    33.8  14:12   NW
15    25.0   29.6  15:30   21.1  06:52    0.0   12.7     0.0  2.8    35.4  16:11   NW
16    25.8   30.3  14:32   22.5  05:37    0.0   14.5     0.0  6.3    57.9  16:11   NW
17    25.0   29.4  14:33   21.7  23:58    0.0   13.0     0.0  8.5    46.7  16:26   NW
18    19.4   22.3  13:42   16.9  23:54    0.0    2.3     1.3  6.4    48.3  10:37   NW
19    18.2   22.2  16:33   15.4  07:09    0.0    0.8     0.5  3.6    30.6  15:22   NE
20    20.0   25.5  14:08   16.1  06:24    0.0    4.5     0.0  6.4    41.8  16:11   W
21    20.2   25.4  15:05   17.2  06:59    0.0    5.3     0.5  5.8    40.2  16:24   NW
22    17.0   19.9  13:41   15.2  06:29    1.4    0.0     0.0 21.1    57.9  11:48   NE
23    18.7   24.6  16:33   14.2  03:59    0.0    2.0     0.0  3.7    37.0  17:00   NW
24    21.1   26.0  16:26   16.8  03:22    0.0    5.5     0.0  4.4    40.2  15:09   WNW
25    22.9   28.4  15:39   19.7  07:39    0.0   10.3     0.0  7.2    45.1  16:53   NNE
26    20.7   26.0  14:58   17.3  23:26    0.0    6.0     0.0 16.2    51.5  17:27   NE
27    18.1   21.1  11:30   16.2  06:49    0.0    0.6     0.1  2.8    45.1  15:56   NE
28    18.2   22.5  12:31   16.2  05:36    0.0    1.8     3.1  2.6    45.1  15:11   NW
29    18.7   22.5  11:41   16.2  05:51    0.0    1.8     4.3  3.5    45.1  11:21   NNE
30    18.4   22.8  15:42   16.2  23:50    0.0    2.1     0.0  3.0    37.0  17:53   N
---------------------------------------------------------------------------------------
      19.7   30.3    16    13.5     8    12.0  121.9    39.1  6.8    98.2     7    N

Max >=   32.2:  0
Max <=    0.0:  0
Min <=    0.0:  0
Min <=  -17.8:  0
Max Rain    :   17.2 mm ON 06/07/2015
Days of Rain: 8 (> 0.254 mm) 4 (> 2.54 mm) 0 (> 25.4 mm)