NOAA-Style Climate Reports

Select a Year or Month report
2017: Jan Feb Mar Apr May Jun Jul Aug Sep Oct Nov Dec
2016: Jan Feb Mar Apr May Jun Jul Aug Sep Oct Nov Dec
2015: Jan Feb Mar Apr May Jun Jul Aug Sep Oct Nov Dec
2014: Jan Feb Mar Apr May Jun Jul Aug Sep Oct Nov Dec

Report for 2015 July
                   MONTHLY CLIMATOLOGICAL SUMMARY for JUL 2015


NAME: PLAI                  CITY: ARACHOVA              STATE: VIOTIA GREECE       
ELEV:  912.9 m    LAT: 38.3 N    LONG: 22.3 E


                   TEMPERATURE (C), RAIN (mm), WIND SPEED (kph)

                                         HEAT   COOL         AVG
      MEAN                               DEG    DEG          WIND                  DOM
DAY   TEMP   HIGH  TIME    LOW   TIME    DAYS   DAYS   RAIN  SPEED   HIGH  TIME    DIR
---------------------------------------------------------------------------------------
01    18.5   23.2  13:49   15.0  06:59    0.0    1.4     0.0  8.9    57.9  12:37   NE
02    19.6   23.9  16:26   15.9  05:25    0.0    2.8     0.0  3.8    38.6  16:21   NW
03    21.1   25.3  13:43   18.8  03:55    0.0    6.7     0.0  9.8    51.5  22:13   NE
04    20.4   24.2  14:58   17.6  06:46    0.0    4.6     0.0  5.3    45.1  17:54   NNE
05    21.2   25.5  14:11   17.8  06:25    0.0    6.0     0.0  2.7    41.8  14:38   NW
06    22.7   27.7  16:59   19.5  04:43    0.0    9.5     0.0  3.4    43.5  16:29   NNE
07    23.8   28.3  14:23   20.8  05:34    0.0   11.2     0.0  6.6    51.5  14:06   NNE
08    24.7   29.0  14:35   21.2  06:25    0.0   12.2     0.0 13.5    61.2  13:13   NE
09    25.0   29.7  15:29   20.9  06:30    0.0   12.6     0.0  5.1    40.2  15:36   NW
10    24.2   29.7  14:10   19.3  22:02    0.0   11.2     8.9  5.8    53.1  18:06   NW
11    23.6   26.3  12:48   19.6  00:01    0.0    8.3     0.0  7.8    45.1  14:42   NW
12    23.2   28.4  15:59   19.4  05:59    0.0   10.0     0.0  5.6    45.1  16:45   WNW
13    24.2   28.5  16:43   20.4  06:58    0.0   11.0     0.0  4.2    35.4  15:56   SW
14    25.0   29.9  14:29   21.5  06:50    0.0   13.3     0.0  3.7    37.0  23:05   SW
15    23.7   27.2  16:22   20.8  07:06    0.0   10.2     0.0  8.6    48.3  11:47   NW
16    24.0   28.6  13:20   20.6  05:59    0.0   11.3     0.0  9.5    57.9  13:22   NW
17    24.2   28.9  16:44   20.6  06:59    0.0   11.6     0.0 11.9    67.6  14:00   NW
18    24.4   29.9  15:02   20.3  05:37    0.0   12.2     0.0 12.2    69.2  13:07   SSW
19    25.3   30.2  15:50   21.3  05:26    0.0   13.4     0.0 11.3    59.5  14:50   SW
20    26.5   32.2  15:02   22.2  06:39    0.0   15.9     0.0  5.5    45.1  16:51   SW
21    27.2   31.1  14:36   23.8  07:24    0.0   16.4     0.0 11.9    66.0  16:36   SW
22    26.7   31.7  15:44   23.4  07:44    0.0   16.5     0.0 12.1    69.2  02:27   SW
23    24.9   29.7  14:51   21.4  07:23    0.0   13.0     0.0 12.6    61.2  18:44   NW
24    25.4   30.8  15:48   21.0  06:16    0.0   13.6     0.0  4.9    48.3  12:10   NW
25    26.0   30.6  14:58   22.6  04:04    0.0   14.9     0.0  4.7    41.8  14:43   SSW
26    25.3   30.7  15:03   22.7  16:08    0.0   15.0    25.5  3.6    33.8  15:17   SW
27    26.7   31.1  15:59   23.1  05:30    0.0   15.8     1.0  3.8    40.2  16:12   SW
28    27.7   32.5  16:50   23.9  05:49    0.0   17.7     0.0  5.1    41.8  17:05   SW
29    28.7   33.5  16:33   24.9  03:56    0.0   19.5     0.0  4.2    37.0  17:20   NW
30    29.0   33.6  16:24   25.2  05:48    0.0   19.9     0.2  5.1    41.8  20:17   NW
31    28.5   33.0  13:48   26.0  23:56    0.0   20.1     0.0  3.8    40.2  19:03   NW
---------------------------------------------------------------------------------------
      24.6   33.6    30    15.0     1     0.0  377.7    35.6  7.0    69.2    18    W

Max >=   32.2:  4
Max <=    0.0:  0
Min <=    0.0:  0
Min <=  -17.8:  0
Max Rain    :   25.5 mm ON 07/26/2015
Days of Rain: 3 (> 0.254 mm) 2 (> 2.54 mm) 1 (> 25.4 mm)