NOAA-Style Climate Reports

Select a Year or Month report
2017: Jan Feb Mar Apr May Jun Jul Aug Sep Oct Nov Dec
2016: Jan Feb Mar Apr May Jun Jul Aug Sep Oct Nov Dec
2015: Jan Feb Mar Apr May Jun Jul Aug Sep Oct Nov Dec
2014: Jan Feb Mar Apr May Jun Jul Aug Sep Oct Nov Dec

Report for 2015 August
                   MONTHLY CLIMATOLOGICAL SUMMARY for AUG 2015


NAME: PLAI                  CITY: ARACHOVA              STATE: VIOTIA GREECE       
ELEV:  912.9 m    LAT: 38.3 N    LONG: 22.3 E


                   TEMPERATURE (C), RAIN (mm), WIND SPEED (kph)

                                         HEAT   COOL         AVG
      MEAN                               DEG    DEG          WIND                  DOM
DAY   TEMP   HIGH  TIME    LOW   TIME    DAYS   DAYS   RAIN  SPEED   HIGH  TIME    DIR
---------------------------------------------------------------------------------------
01    26.7   32.0  14:50   23.4  07:25    0.0   16.8     0.0 15.9    54.7  12:21   N
02    25.5   30.6  14:55   21.8  06:58    0.0   14.2     0.0 16.4    57.9  04:45   N
03    25.2   30.3  15:17   21.8  05:58    0.0   13.9     0.0 10.0    61.2  15:18   NW
04    25.0   30.5  14:36   21.9  06:57    0.0   14.2     0.0  5.7    45.1  12:32   WNW
05    25.9   31.1  15:50   22.1  07:25    0.0   14.9     0.0  9.6    57.9  16:29   WNW
06    25.3   29.8  14:27   21.4  07:54    0.0   13.1     0.3  7.6    57.9  22:38   NW
07    24.5   28.7  14:35   21.3  21:06    0.0   12.0     0.0  9.5    69.2  23:39   SSW
08    23.4   28.2  15:32   20.0  06:30    0.0   10.4     0.0 12.9    66.0  12:09   SW
09    23.8   28.7  15:59   20.3  06:33    0.0   11.1     0.0  9.4    53.1  13:26   WNW
10    23.6   28.2  13:54   20.9  05:59    0.0   11.2     1.2  2.5    41.8  14:06   WNW
11    24.9   29.4  14:33   21.4  05:42    0.0   12.8     0.0  5.1    48.3  17:10   SSW
12    25.2   31.1  15:52   21.5  21:42    0.0   14.3     7.3  4.6    46.7  17:44   WNW
13    25.3   30.2  15:54   21.8  06:46    0.0   13.8     0.0  8.5    48.3  11:56   WNW
14    24.9   30.7  15:10   21.9  07:35    0.0   14.3     0.0  8.6    53.1  14:17   WNW
15    24.8   29.4  16:05   21.3  06:14    0.0   12.7     0.0  5.4    51.5  12:16   SW
16    25.7   30.4  15:45   22.3  06:46    0.0   14.4     0.0  6.1    51.5  15:46   SSW
17    24.4   28.6  15:33   21.7  07:20    0.0   12.2     0.0 10.6    48.3  12:35   SW
18    24.5   28.8  16:21   20.7  05:32    0.0   11.6     0.0  7.2    40.2  13:50   SW
19    25.5   30.1  15:47   21.9  05:57    0.0   13.8     0.0  5.8    46.7  15:14   SW
20    25.2   29.8  14:43   21.6  06:59    0.0   13.3     1.2  6.7    54.7  15:48   SW
21    24.4   29.6  14:29   21.4  23:59    0.0   12.9     0.0  8.0    49.9  19:29   NW
22    22.6   27.1  16:01   19.5  06:40    0.0    9.0     0.8  8.5    48.3  22:33   N
23    21.5   26.3  17:00   18.4  04:54    0.0    7.2     0.0  6.2    38.6  19:59   N
24    21.7   26.4  16:17   17.9  07:19    0.0    6.8     0.0  4.9    45.1  19:42   NW
25    22.0   27.5  15:18   18.5  06:59    0.0    8.3     0.0 10.0    57.9  16:42   NW
26    22.7   27.6  14:43   19.5  06:16    0.0    9.4     0.0 10.1    53.1  18:20   NW
27    22.9   28.8  15:26   18.9  07:34    0.0    9.9     0.0 12.2    51.5  11:58   WNW
28    23.1   28.8  14:21   18.5  06:59    0.0    9.5     0.0 11.1    51.5  10:45   WNW
29    24.2   29.0  13:50   20.0  07:18    0.0   11.2     0.0 12.1    64.4  14:38   WNW
30    25.2   30.2  14:31   21.5  04:05    0.0   13.5     0.0 11.9    57.9  01:41   NNE
31    25.2   30.4  13:32   22.1  06:19    0.0   14.3     0.0 14.6    62.8  08:55   NNE
---------------------------------------------------------------------------------------
      24.3   32.0     1    17.9    24     0.0  376.9    10.8  8.9    69.2     7    W

Max >=   32.2:  0
Max <=    0.0:  0
Min <=    0.0:  0
Min <=  -17.8:  0
Max Rain    :    7.3 mm ON 08/12/2015
Days of Rain: 4 (> 0.254 mm) 1 (> 2.54 mm) 0 (> 25.4 mm)