NOAA-Style Climate Reports

Select a Year or Month report
2017: Jan Feb Mar Apr May Jun Jul Aug Sep Oct Nov Dec
2016: Jan Feb Mar Apr May Jun Jul Aug Sep Oct Nov Dec
2015: Jan Feb Mar Apr May Jun Jul Aug Sep Oct Nov Dec
2014: Jan Feb Mar Apr May Jun Jul Aug Sep Oct Nov Dec

Report for 2015 September
                   MONTHLY CLIMATOLOGICAL SUMMARY for SEP 2015


NAME: PLAI                  CITY: ARACHOVA              STATE: VIOTIA GREECE       
ELEV:  912.9 m    LAT: 38.3 N    LONG: 22.3 E


                   TEMPERATURE (C), RAIN (mm), WIND SPEED (kph)

                                         HEAT   COOL         AVG
      MEAN                               DEG    DEG          WIND                  DOM
DAY   TEMP   HIGH  TIME    LOW   TIME    DAYS   DAYS   RAIN  SPEED   HIGH  TIME    DIR
---------------------------------------------------------------------------------------
01    25.3   30.2  14:22   21.6  06:52    0.0   13.6     0.0  7.5    49.9  15:06   WNW
02    25.6   30.7  15:28   22.3  05:15    0.0   14.7     0.0  4.2    37.0  14:18   SW
03    26.4   31.7  17:08   22.2  05:02    0.0   15.5     0.0  3.4    43.5  15:32   NW
04    27.5   32.1  15:58   23.9  06:05    0.0   17.4     0.0  4.0    40.2  16:04   SW
05    28.3   33.2  15:21   24.4  04:16    0.0   18.8     0.0  3.4    38.6  14:40   SW
06    28.9   33.3  15:59   25.9  06:26    0.0   20.2     0.0 12.3    59.5  16:10   SW
07    26.8   31.6  14:51   24.4  22:38    0.0   17.4     0.0  5.5    57.9  17:10   SSW
08    23.5   27.7  15:59   20.4  22:40    0.0   10.3     0.0  6.6    45.1  17:03   NNE
09    20.0   23.5  13:49   17.8  07:05    0.0    4.1     1.3 12.3    43.5  11:56   N
10    21.3   25.8  17:14   18.3  03:09    0.0    6.7     0.5  4.3    41.8  17:21   NNE
11    21.9   27.3  16:00   19.0  07:13    0.0    8.7     0.0 10.7    48.3  14:14   SW
12    21.0   25.3  15:54   18.0  06:59    0.0    6.0     0.0  3.3    40.2  13:57   NNE
13    19.9   23.7  15:44   17.6  07:20    0.0    4.1     0.0  6.0    41.8  13:52   NNE
14    20.3   26.0  16:13   16.5  07:06    0.0    5.3     0.0  8.2    45.1  11:41   NW
15    21.3   27.1  15:29   17.2  07:35    0.0    6.8     0.0  6.3    48.3  15:01   NW
16    21.9   27.4  15:46   18.0  07:59    0.0    7.8     0.0  6.4    48.3  14:55   NNE
17    23.6   29.3  14:59   19.3  06:58    0.0   10.8     0.0  3.7    46.7  14:21   NNE
18    24.9   30.7  15:34   20.8  06:39    0.0   13.4     0.0  5.1    49.9  14:10   WNW
19    24.5   30.0  15:13   21.9  07:35    0.0   13.7     0.0  6.5    49.9  15:51   NW
20    23.5   29.3  15:50   20.4  06:59    0.0   11.8     0.0  3.3    33.8  12:55   NE
21    17.0   20.8  03:47   12.9  09:50    2.7    0.0    36.6 11.9     9.7  14:59   NE
22    16.7   20.4  13:28   14.5  00:49    1.5    0.0     3.8  1.9    19.3  20:32   WNW
23    17.5   20.4  16:11   15.5  05:56    0.7    0.0     0.0  3.1    32.2  14:37   W
24    19.0   23.1  16:53   15.8  06:49    0.0    2.0     0.0 10.4    53.1  17:27   WNW
25    19.9   25.1  16:21   17.2  06:27    0.0    5.1     0.3  5.9    40.2  14:36   NW
26    18.0   19.0  03:23   16.4  23:51    1.2    0.0     2.0  5.4    41.8  14:01   E
27    18.0   22.0  14:03   15.0  03:59    0.0    0.3     0.0  1.9    32.2  12:55   ENE
28    18.8   23.2  15:46   16.1  07:53    0.0    2.3     0.0  2.0    33.8  17:41   NNE
29    17.1   21.2  12:10   15.4  23:33    0.0    0.0     0.8  2.2    40.2  11:26   ENE
30    15.0   17.3  12:04   12.7  22:17    6.0    0.0     0.0  9.2    49.9  12:56   ENE
---------------------------------------------------------------------------------------
      21.8   33.3     6    12.7    30    12.1  236.9    45.2  5.9    59.5     6    NNW

Max >=   32.2:  2
Max <=    0.0:  0
Min <=    0.0:  0
Min <=  -17.8:  0
Max Rain    :   36.6 mm ON 09/21/2015
Days of Rain: 6 (> 0.254 mm) 2 (> 2.54 mm) 1 (> 25.4 mm)