NOAA-Style Climate Reports

Select a Year or Month report
2017: Jan Feb Mar Apr May Jun Jul Aug Sep Oct Nov Dec
2016: Jan Feb Mar Apr May Jun Jul Aug Sep Oct Nov Dec
2015: Jan Feb Mar Apr May Jun Jul Aug Sep Oct Nov Dec
2014: Jan Feb Mar Apr May Jun Jul Aug Sep Oct Nov Dec

Report for 2015 October
                   MONTHLY CLIMATOLOGICAL SUMMARY for OCT 2015


NAME: PLAI                  CITY: ARACHOVA              STATE: VIOTIA GREECE       
ELEV:  912.9 m    LAT: 38.3 N    LONG: 22.3 E


                   TEMPERATURE (C), RAIN (mm), WIND SPEED (kph)

                                         HEAT   COOL         AVG
      MEAN                               DEG    DEG          WIND                  DOM
DAY   TEMP   HIGH  TIME    LOW   TIME    DAYS   DAYS   RAIN  SPEED   HIGH  TIME    DIR
---------------------------------------------------------------------------------------
01    13.8   17.8  14:30   11.8  07:59    6.4    0.0     0.0 14.6   115.9  06:46   ENE
02    13.8   18.7  13:24   11.7  04:52    5.7    0.0     0.0  5.9    45.1  13:28   ENE
03    15.2   19.9  15:02   11.3  04:31    4.9    0.0     0.0  3.2    41.8  11:02   N
04    17.5   22.6  15:43   14.0  06:55    0.1    0.0     0.0  1.9    37.0  14:42   NNW
05    19.1   23.2  14:56   16.0  07:47    0.0    2.3     0.0  2.3    35.4  14:24   N
06    19.6   24.0  15:22   16.4  07:33    0.0    3.4     0.0  1.9    37.0  14:42   N
07    18.9   23.8  15:15   16.5  06:42    0.0    3.2     0.0  3.0    33.8  14:57   N
08    17.2   20.5  16:11   14.9  05:48    1.1    0.0     3.6  1.1    29.0  12:05   ENE
09    18.0   22.3  16:14   14.9  06:12    0.0    0.5     0.0  2.8    37.0  12:50   W
10    16.6   18.1  12:37   15.4  23:14    2.9    0.0     2.5  3.3    57.9  22:42   E
11    16.6   19.9  15:03   14.8  02:56    1.7    0.0     9.4 21.3    80.5  14:44   W
12    16.7   20.2  15:27   14.8  07:19    1.4    0.0     0.0 15.2    57.9  01:32   W
13    17.5   21.1  15:09   14.6  03:01    0.8    0.0     0.0  2.6    35.4  16:00   ENE
14    15.7   18.5  17:26   13.6  08:15    4.2    0.0     0.0  1.8    35.4  10:13   ENE
15    15.4   19.9  15:20   12.2  07:37    4.1    0.0     0.0  5.5    37.0  07:34   ENE
16    14.3   18.0  15:37   12.1  07:59    5.9    0.0     0.0  5.3    38.6  07:39   ENE
17    16.0   19.7  14:34   13.2  03:15    3.4    0.0     0.0  1.0    29.0  13:07   N
18    16.7   19.7  15:07   14.3  07:33    2.3    0.0     0.0  1.5    32.2  13:18   W
19    16.9   20.9  14:04   14.5  05:56    1.1    0.0     0.0  3.2    35.4  15:14   NW
20    17.0   19.9  16:49   15.2  06:42    1.4    0.0     0.0  2.7    29.0  14:36   W
21    17.3   20.9  13:37   15.5  23:59    0.2    0.0     2.0 10.0    40.2  08:26   WNW
22    15.0   17.9  14:16   13.0  07:54    5.2    0.0    49.9  6.8    95.0  23:54   N
23    12.0   13.3  00:00    9.8  23:55   12.2    0.0    11.1  4.6    59.5  00:05   N
24    10.2   12.8  15:07    9.2  05:09   13.2    0.0     1.8  3.2    32.2  14:13   WNW
25    10.7   14.6  14:20    8.8  07:01   11.9    0.0     0.0  3.8    37.0  12:12   N
26    11.9   12.0  23:50   11.9  23:00   11.5    0.0     0.0  0.0     0.0  23:00   NE
27    11.7   15.2  14:03    9.2  07:20   11.0    0.0     0.0 14.8    61.2  11:33   ENE
28    10.3   14.2  10:53    8.2  22:52   12.8    0.0     0.0  5.7    43.5  15:58   ENE
29    10.0   13.4  11:41    7.5  06:01   14.2    0.0     0.0  5.5    48.3  12:28   ENE
30    10.3   13.6  12:09    8.0  07:05   13.6    0.0     0.3  3.7    41.8  12:15   NNW
31    10.2   12.6  12:42    8.8  23:58   13.8    0.0     0.0  7.6    61.2  07:25   NNW
---------------------------------------------------------------------------------------
      14.9   24.0     6     7.5    29   167.1    9.4    80.6  5.3   115.9     1    NE

Max >=   32.2:  0
Max <=    0.0:  0
Min <=    0.0:  0
Min <=  -17.8:  0
Max Rain    :   49.9 mm ON 10/22/2015
Days of Rain: 7 (> 0.254 mm) 5 (> 2.54 mm) 1 (> 25.4 mm)